{"id":4636,"date":"2020-06-06T20:45:20","date_gmt":"2020-06-06T18:45:20","guid":{"rendered":"http:\/\/friville.lobs.pro\/wordpress\/?page_id=4636"},"modified":"2024-04-15T15:46:54","modified_gmt":"2024-04-15T13:46:54","slug":"expos","status":"publish","type":"page","link":"http:\/\/www.friville-editions.org\/wordpress\/index.php\/expos\/","title":{"rendered":"Expos"},"content":{"rendered":"\t\t<div data-elementor-type=\"wp-page\" data-elementor-id=\"4636\" class=\"elementor elementor-4636\">\n\t\t\t\t\t\t<section class=\"elementor-section elementor-top-section elementor-element elementor-element-ba38a37 elementor-section-boxed elementor-section-height-default elementor-section-height-default\" data-id=\"ba38a37\" data-element_type=\"section\">\n\t\t\t\t\t\t<div class=\"elementor-container elementor-column-gap-default\">\n\t\t\t\t\t<div class=\"elementor-column elementor-col-100 elementor-top-column elementor-element elementor-element-97eea0e\" data-id=\"97eea0e\" data-element_type=\"column\">\n\t\t\t<div class=\"elementor-widget-wrap elementor-element-populated\">\n\t\t\t\t\t\t<div class=\"elementor-element elementor-element-211f3c1 elementor-widget elementor-widget-spacer\" data-id=\"211f3c1\" data-element_type=\"widget\" data-widget_type=\"spacer.default\">\n\t\t\t\t<div class=\"elementor-widget-container\">\n\t\t\t\t\t\t\t<div class=\"elementor-spacer\">\n\t\t\t<div class=\"elementor-spacer-inner\"><\/div>\n\t\t<\/div>\n\t\t\t\t\t\t<\/div>\n\t\t\t\t<\/div>\n\t\t\t\t\t<\/div>\n\t\t<\/div>\n\t\t\t\t\t<\/div>\n\t\t<\/section>\n\t\t\t\t<section class=\"elementor-section elementor-top-section elementor-element elementor-element-fb7ac05 elementor-section-boxed elementor-section-height-default elementor-section-height-default\" data-id=\"fb7ac05\" data-element_type=\"section\">\n\t\t\t\t\t\t<div class=\"elementor-container elementor-column-gap-default\">\n\t\t\t\t\t<div class=\"elementor-column elementor-col-100 elementor-top-column elementor-element elementor-element-80339d8\" data-id=\"80339d8\" data-element_type=\"column\" data-settings=\"{&quot;background_background&quot;:&quot;classic&quot;}\">\n\t\t\t<div class=\"elementor-widget-wrap elementor-element-populated\">\n\t\t\t\t\t\t<section class=\"elementor-section elementor-inner-section elementor-element elementor-element-567a78e elementor-section-boxed elementor-section-height-default elementor-section-height-default\" data-id=\"567a78e\" data-element_type=\"section\">\n\t\t\t\t\t\t<div class=\"elementor-container elementor-column-gap-default\">\n\t\t\t\t\t<div class=\"elementor-column elementor-col-100 elementor-inner-column elementor-element elementor-element-9e8e4e1\" data-id=\"9e8e4e1\" data-element_type=\"column\">\n\t\t\t<div class=\"elementor-widget-wrap elementor-element-populated\">\n\t\t\t\t\t\t<div class=\"elementor-element elementor-element-d1fb724 elementor-widget elementor-widget-heading\" data-id=\"d1fb724\" data-element_type=\"widget\" data-widget_type=\"heading.default\">\n\t\t\t\t<div class=\"elementor-widget-container\">\n\t\t\t\t\t<h2 class=\"elementor-heading-title elementor-size-default\">nos expos<\/h2>\t\t\t\t<\/div>\n\t\t\t\t<\/div>\n\t\t\t\t\t<\/div>\n\t\t<\/div>\n\t\t\t\t\t<\/div>\n\t\t<\/section>\n\t\t\t\t\t<\/div>\n\t\t<\/div>\n\t\t\t\t\t<\/div>\n\t\t<\/section>\n\t\t\t\t<section class=\"elementor-section elementor-top-section elementor-element elementor-element-9819d50 elementor-section-boxed elementor-section-height-default elementor-section-height-default\" data-id=\"9819d50\" data-element_type=\"section\">\n\t\t\t\t\t\t<div class=\"elementor-container elementor-column-gap-default\">\n\t\t\t\t\t<div class=\"elementor-column elementor-col-100 elementor-top-column elementor-element elementor-element-7845c6b\" data-id=\"7845c6b\" data-element_type=\"column\">\n\t\t\t<div class=\"elementor-widget-wrap elementor-element-populated\">\n\t\t\t\t\t\t<div class=\"elementor-element elementor-element-61f8fa7 elementor-widget elementor-widget-spacer\" data-id=\"61f8fa7\" data-element_type=\"widget\" data-widget_type=\"spacer.default\">\n\t\t\t\t<div class=\"elementor-widget-container\">\n\t\t\t\t\t\t\t<div class=\"elementor-spacer\">\n\t\t\t<div class=\"elementor-spacer-inner\"><\/div>\n\t\t<\/div>\n\t\t\t\t\t\t<\/div>\n\t\t\t\t<\/div>\n\t\t\t\t\t<\/div>\n\t\t<\/div>\n\t\t\t\t\t<\/div>\n\t\t<\/section>\n\t\t\t\t<section class=\"elementor-section elementor-top-section elementor-element elementor-element-afe40d0 elementor-section-boxed elementor-section-height-default elementor-section-height-default\" data-id=\"afe40d0\" data-element_type=\"section\">\n\t\t\t\t\t\t<div class=\"elementor-container elementor-column-gap-wider\">\n\t\t\t\t\t<div class=\"elementor-column elementor-col-100 elementor-top-column elementor-element elementor-element-fdaf3d7\" data-id=\"fdaf3d7\" data-element_type=\"column\" data-settings=\"{&quot;background_background&quot;:&quot;classic&quot;}\">\n\t\t\t<div class=\"elementor-widget-wrap elementor-element-populated\">\n\t\t\t\t\t\t<div class=\"elementor-element elementor-element-b0f9df3 elementor-widget elementor-widget-heading\" data-id=\"b0f9df3\" data-element_type=\"widget\" data-widget_type=\"heading.default\">\n\t\t\t\t<div class=\"elementor-widget-container\">\n\t\t\t\t\t<h2 class=\"elementor-heading-title elementor-size-default\"><a href=\"http:\/\/www.friville-editions.org\/wordpress\/index.php\/2024\/02\/04\/et-vlan\/\">Et Vlan !<\/a><\/h2>\t\t\t\t<\/div>\n\t\t\t\t<\/div>\n\t\t\t\t<div class=\"elementor-element elementor-element-0153940 elementor-widget elementor-widget-text-editor\" data-id=\"0153940\" data-element_type=\"widget\" data-widget_type=\"text-editor.default\">\n\t\t\t\t<div class=\"elementor-widget-container\">\n\t\t\t\t\t\t\t\t\t<p><a href=\"http:\/\/www.friville-editions.org\/wordpress\/index.php\/2024\/02\/04\/et-vlan\/\" target=\"_blank\" rel=\"noopener\"><span style=\"color: #333333;\"><strong><em>Friville \u00e9dition<\/em> <\/strong>organise avec la <strong><em>Galerie du Haut-Pav\u00e9<\/em><\/strong> une nouvelle s\u00e9rie d&rsquo;expositions intitul\u00e9e <span style=\"color: #c70808;\"><strong><em>Et Vlan !<\/em><\/strong><\/span>.<\/span><\/a><span style=\"color: #333333;\"><\/span><span style=\"color: #333333;\"><\/span><\/p>\t\t\t\t\t\t\t\t<\/div>\n\t\t\t\t<\/div>\n\t\t\t\t<div class=\"elementor-element elementor-element-c06d213 elementor-widget elementor-widget-image\" data-id=\"c06d213\" data-element_type=\"widget\" data-widget_type=\"image.default\">\n\t\t\t\t<div class=\"elementor-widget-container\">\n\t\t\t\t\t\t\t\t\t\t\t\t\t\t\t\t<a href=\"http:\/\/www.friville-editions.org\/wordpress\/index.php\/2024\/02\/04\/et-vlan\/\">\n\t\t\t\t\t\t\t<img fetchpriority=\"high\" decoding=\"async\" width=\"750\" height=\"357\" src=\"http:\/\/www.friville-editions.org\/wordpress\/wp-content\/uploads\/2022\/08\/CartonEtVlan-Recto-1024x488.png\" class=\"attachment-large size-large wp-image-13704\" alt=\"\" srcset=\"http:\/\/www.friville-editions.org\/wordpress\/wp-content\/uploads\/2022\/08\/CartonEtVlan-Recto-1024x488.png 1024w, http:\/\/www.friville-editions.org\/wordpress\/wp-content\/uploads\/2022\/08\/CartonEtVlan-Recto-300x143.png 300w, http:\/\/www.friville-editions.org\/wordpress\/wp-content\/uploads\/2022\/08\/CartonEtVlan-Recto-768x366.png 768w, http:\/\/www.friville-editions.org\/wordpress\/wp-content\/uploads\/2022\/08\/CartonEtVlan-Recto.png 1366w\" sizes=\"(max-width: 750px) 100vw, 750px\" \/>\t\t\t\t\t\t\t\t<\/a>\n\t\t\t\t\t\t\t\t\t\t\t\t\t\t\t<\/div>\n\t\t\t\t<\/div>\n\t\t\t\t<section class=\"elementor-section elementor-inner-section elementor-element elementor-element-8a7a3ee elementor-section-boxed elementor-section-height-default elementor-section-height-default\" data-id=\"8a7a3ee\" data-element_type=\"section\">\n\t\t\t\t\t\t<div class=\"elementor-container elementor-column-gap-default\">\n\t\t\t\t\t<div class=\"elementor-column elementor-col-33 elementor-inner-column elementor-element elementor-element-3ce4263\" data-id=\"3ce4263\" data-element_type=\"column\">\n\t\t\t<div class=\"elementor-widget-wrap elementor-element-populated\">\n\t\t\t\t\t\t<div class=\"elementor-element elementor-element-c41386d elementor-widget elementor-widget-heading\" data-id=\"c41386d\" data-element_type=\"widget\" data-widget_type=\"heading.default\">\n\t\t\t\t<div class=\"elementor-widget-container\">\n\t\t\t\t\t<h2 class=\"elementor-heading-title elementor-size-default\"><a href=\"http:\/\/friville.lobs.pro\/wordpress\/index.php\/atmosphere-de-transformation\/\">Expos AdT<\/a><\/h2>\t\t\t\t<\/div>\n\t\t\t\t<\/div>\n\t\t\t\t<div class=\"elementor-element elementor-element-a97a185 elementor-widget elementor-widget-text-editor\" data-id=\"a97a185\" data-element_type=\"widget\" data-widget_type=\"text-editor.default\">\n\t\t\t\t<div class=\"elementor-widget-container\">\n\t\t\t\t\t\t\t\t\t<p>Atmosph\u00e8re de Transformations <\/p>\t\t\t\t\t\t\t\t<\/div>\n\t\t\t\t<\/div>\n\t\t\t\t<div class=\"elementor-element elementor-element-a7ace8b elementor-widget elementor-widget-text-editor\" data-id=\"a7ace8b\" data-element_type=\"widget\" data-widget_type=\"text-editor.default\">\n\t\t\t\t<div class=\"elementor-widget-container\">\n\t\t\t\t\t\t\t\t\t<p><strong><em>Friville \u00e9dition<\/em> <\/strong>a organis\u00e9 entre 2011 et 2015, une s\u00e9rie d\u2019expositions intitul\u00e9es<span>\u00a0<\/span><em><strong>Atmosph\u00e8re de Transformation<\/strong><\/em><span>\u00a0<\/span>o\u00f9 il \u00e9tait demand\u00e9 aux invit\u00e9s (artistes, cin\u00e9astes, chercheurs, artisans,\u2026) non pas de pr\u00e9senter leurs \u0153uvres mais le processus de cr\u00e9ation, la gen\u00e8se d\u2019un projet, les rat\u00e9s, les \u00ab traces d\u2019atelier \u00bb&#8230;<em><br \/><\/em><\/p><p>Cette s\u00e9rie d\u2019expos a donn\u00e9 naissance \u00e0 la collection <em><strong>AdTpapier<\/strong><\/em>.<\/p>\t\t\t\t\t\t\t\t<\/div>\n\t\t\t\t<\/div>\n\t\t\t\t<div class=\"elementor-element elementor-element-1a549ea elementor-widget elementor-widget-image\" data-id=\"1a549ea\" data-element_type=\"widget\" data-widget_type=\"image.default\">\n\t\t\t\t<div class=\"elementor-widget-container\">\n\t\t\t\t\t\t\t\t\t\t\t\t\t\t\t\t<a href=\"http:\/\/friville.lobs.pro\/wordpress\/index.php\/atmosphere-de-transformation\/\">\n\t\t\t\t\t\t\t<img decoding=\"async\" width=\"750\" height=\"402\" src=\"http:\/\/www.friville-editions.org\/wordpress\/wp-content\/uploads\/2022\/01\/AdT-Expo-1024x549.png\" class=\"attachment-large size-large wp-image-12188\" alt=\"\" srcset=\"http:\/\/www.friville-editions.org\/wordpress\/wp-content\/uploads\/2022\/01\/AdT-Expo-1024x549.png 1024w, http:\/\/www.friville-editions.org\/wordpress\/wp-content\/uploads\/2022\/01\/AdT-Expo-300x161.png 300w, http:\/\/www.friville-editions.org\/wordpress\/wp-content\/uploads\/2022\/01\/AdT-Expo-768x412.png 768w, http:\/\/www.friville-editions.org\/wordpress\/wp-content\/uploads\/2022\/01\/AdT-Expo.png 1366w\" sizes=\"(max-width: 750px) 100vw, 750px\" \/>\t\t\t\t\t\t\t\t<\/a>\n\t\t\t\t\t\t\t\t\t\t\t\t\t\t\t<\/div>\n\t\t\t\t<\/div>\n\t\t\t\t\t<\/div>\n\t\t<\/div>\n\t\t\t\t<div class=\"elementor-column elementor-col-33 elementor-inner-column elementor-element elementor-element-baed48b\" data-id=\"baed48b\" data-element_type=\"column\">\n\t\t\t<div class=\"elementor-widget-wrap\">\n\t\t\t\t\t\t\t<\/div>\n\t\t<\/div>\n\t\t\t\t<div class=\"elementor-column elementor-col-33 elementor-inner-column elementor-element elementor-element-4d9ab8e\" data-id=\"4d9ab8e\" data-element_type=\"column\">\n\t\t\t<div class=\"elementor-widget-wrap elementor-element-populated\">\n\t\t\t\t\t\t<div class=\"elementor-element elementor-element-8e95852 elementor-widget elementor-widget-heading\" data-id=\"8e95852\" data-element_type=\"widget\" data-widget_type=\"heading.default\">\n\t\t\t\t<div class=\"elementor-widget-container\">\n\t\t\t\t\t<h2 class=\"elementor-heading-title elementor-size-default\"><a href=\"http:\/\/friville.lobs.pro\/wordpress\/index.php\/expo-demoules-trop-chaud\/\">Expos DTC<\/a><\/h2>\t\t\t\t<\/div>\n\t\t\t\t<\/div>\n\t\t\t\t<div class=\"elementor-element elementor-element-97f67c2 elementor-widget elementor-widget-text-editor\" data-id=\"97f67c2\" data-element_type=\"widget\" data-widget_type=\"text-editor.default\">\n\t\t\t\t<div class=\"elementor-widget-container\">\n\t\t\t\t\t\t\t\t\t<p>D\u00e9moul\u00e9 Trop Chaud<\/p>\t\t\t\t\t\t\t\t<\/div>\n\t\t\t\t<\/div>\n\t\t\t\t<div class=\"elementor-element elementor-element-5aa762f elementor-widget elementor-widget-text-editor\" data-id=\"5aa762f\" data-element_type=\"widget\" data-widget_type=\"text-editor.default\">\n\t\t\t\t<div class=\"elementor-widget-container\">\n\t\t\t\t\t\t\t\t\t<p>Friville \u00e9dition organis\u00e9 depuis 2016, une s\u00e9rie d&rsquo;expositions intitul\u00e9es <em><strong>D\u00e9moul\u00e9 Trop Chaud<\/strong><\/em> o\u00f9 il est demand\u00e9 aux invit\u00e9s (artistes, cin\u00e9astes, chercheurs, artisans,\u2026) de pr\u00e9senter une tentative aux r\u00e9sultats souvent inattendus constituant une exp\u00e9rimention.<\/p>\t\t\t\t\t\t\t\t<\/div>\n\t\t\t\t<\/div>\n\t\t\t\t<div class=\"elementor-element elementor-element-8880df7 elementor-widget elementor-widget-image\" data-id=\"8880df7\" data-element_type=\"widget\" data-widget_type=\"image.default\">\n\t\t\t\t<div class=\"elementor-widget-container\">\n\t\t\t\t\t\t\t\t\t\t\t\t\t\t\t\t<a href=\"http:\/\/friville.lobs.pro\/wordpress\/index.php\/expo-demoules-trop-chaud\/\">\n\t\t\t\t\t\t\t<img decoding=\"async\" width=\"750\" height=\"535\" src=\"http:\/\/www.friville-editions.org\/wordpress\/wp-content\/uploads\/2022\/01\/DTC-Expo-1024x731.png\" class=\"attachment-large size-large wp-image-12192\" alt=\"\" srcset=\"http:\/\/www.friville-editions.org\/wordpress\/wp-content\/uploads\/2022\/01\/DTC-Expo-1024x731.png 1024w, http:\/\/www.friville-editions.org\/wordpress\/wp-content\/uploads\/2022\/01\/DTC-Expo-300x214.png 300w, http:\/\/www.friville-editions.org\/wordpress\/wp-content\/uploads\/2022\/01\/DTC-Expo-768x548.png 768w, http:\/\/www.friville-editions.org\/wordpress\/wp-content\/uploads\/2022\/01\/DTC-Expo.png 1366w\" sizes=\"(max-width: 750px) 100vw, 750px\" \/>\t\t\t\t\t\t\t\t<\/a>\n\t\t\t\t\t\t\t\t\t\t\t\t\t\t\t<\/div>\n\t\t\t\t<\/div>\n\t\t\t\t\t<\/div>\n\t\t<\/div>\n\t\t\t\t\t<\/div>\n\t\t<\/section>\n\t\t\t\t<div class=\"elementor-element elementor-element-3e2c25a elementor-widget elementor-widget-spacer\" data-id=\"3e2c25a\" data-element_type=\"widget\" data-widget_type=\"spacer.default\">\n\t\t\t\t<div class=\"elementor-widget-container\">\n\t\t\t\t\t\t\t<div class=\"elementor-spacer\">\n\t\t\t<div class=\"elementor-spacer-inner\"><\/div>\n\t\t<\/div>\n\t\t\t\t\t\t<\/div>\n\t\t\t\t<\/div>\n\t\t\t\t\t<\/div>\n\t\t<\/div>\n\t\t\t\t\t<\/div>\n\t\t<\/section>\n\t\t\t\t<section class=\"elementor-section elementor-top-section elementor-element elementor-element-881a786 elementor-section-boxed elementor-section-height-default elementor-section-height-default\" data-id=\"881a786\" data-element_type=\"section\">\n\t\t\t\t\t\t<div class=\"elementor-container elementor-column-gap-default\">\n\t\t\t\t\t<div class=\"elementor-column elementor-col-100 elementor-top-column elementor-element elementor-element-0df8f39\" data-id=\"0df8f39\" data-element_type=\"column\">\n\t\t\t<div class=\"elementor-widget-wrap elementor-element-populated\">\n\t\t\t\t\t\t<div class=\"elementor-element elementor-element-55ddddb elementor-widget elementor-widget-spacer\" data-id=\"55ddddb\" data-element_type=\"widget\" data-widget_type=\"spacer.default\">\n\t\t\t\t<div class=\"elementor-widget-container\">\n\t\t\t\t\t\t\t<div class=\"elementor-spacer\">\n\t\t\t<div class=\"elementor-spacer-inner\"><\/div>\n\t\t<\/div>\n\t\t\t\t\t\t<\/div>\n\t\t\t\t<\/div>\n\t\t\t\t\t<\/div>\n\t\t<\/div>\n\t\t\t\t\t<\/div>\n\t\t<\/section>\n\t\t\t\t<\/div>\n\t\t","protected":false},"excerpt":{"rendered":"<p>nos expos Et Vlan ! Friville \u00e9dition organise avec la Galerie du Haut-Pav\u00e9 une nouvelle s\u00e9rie d&rsquo;expositions intitul\u00e9e Et Vlan !. Expos AdT Atmosph\u00e8re de Transformations Friville \u00e9dition a organis\u00e9 entre 2011 et 2015, une s\u00e9rie d\u2019expositions intitul\u00e9es\u00a0Atmosph\u00e8re de Transformation\u00a0o\u00f9 il \u00e9tait demand\u00e9 aux invit\u00e9s (artistes, cin\u00e9astes, chercheurs, artisans,\u2026) non [&hellip;]<\/p>\n","protected":false},"author":3,"featured_media":0,"parent":0,"menu_order":0,"comment_status":"closed","ping_status":"closed","template":"elementor_header_footer","meta":{"rop_custom_images_group":[],"rop_custom_messages_group":[],"rop_publish_now":"initial","rop_publish_now_accounts":[],"rop_publish_now_history":[],"rop_publish_now_status":"pending","footnotes":""},"class_list":["post-4636","page","type-page","status-publish","hentry"],"_links":{"self":[{"href":"http:\/\/www.friville-editions.org\/wordpress\/index.php\/wp-json\/wp\/v2\/pages\/4636","targetHints":{"allow":["GET"]}}],"collection":[{"href":"http:\/\/www.friville-editions.org\/wordpress\/index.php\/wp-json\/wp\/v2\/pages"}],"about":[{"href":"http:\/\/www.friville-editions.org\/wordpress\/index.php\/wp-json\/wp\/v2\/types\/page"}],"author":[{"embeddable":true,"href":"http:\/\/www.friville-editions.org\/wordpress\/index.php\/wp-json\/wp\/v2\/users\/3"}],"replies":[{"embeddable":true,"href":"http:\/\/www.friville-editions.org\/wordpress\/index.php\/wp-json\/wp\/v2\/comments?post=4636"}],"version-history":[{"count":104,"href":"http:\/\/www.friville-editions.org\/wordpress\/index.php\/wp-json\/wp\/v2\/pages\/4636\/revisions"}],"predecessor-version":[{"id":15907,"href":"http:\/\/www.friville-editions.org\/wordpress\/index.php\/wp-json\/wp\/v2\/pages\/4636\/revisions\/15907"}],"wp:attachment":[{"href":"http:\/\/www.friville-editions.org\/wordpress\/index.php\/wp-json\/wp\/v2\/media?parent=4636"}],"curies":[{"name":"wp","href":"https:\/\/api.w.org\/{rel}","templated":true}]}}